{"id":809,"date":"2025-12-20T07:37:40","date_gmt":"2025-12-20T11:37:40","guid":{"rendered":"https:\/\/hebacuisinelibanaise.fr\/?page_id=809"},"modified":"2025-12-20T07:49:14","modified_gmt":"2025-12-20T11:49:14","slug":"elementor-page-809","status":"publish","type":"page","link":"https:\/\/hebacuisinelibanaise.fr\/index.php\/elementor-page-809\/","title":{"rendered":"Mentions l\u00e9gales"},"content":{"rendered":"\t\t<div data-elementor-type=\"wp-page\" data-elementor-id=\"809\" class=\"elementor elementor-809\">\n\t\t\t\t<div class=\"elementor-element elementor-element-5f041bd e-flex e-con-boxed e-con e-parent\" data-id=\"5f041bd\" data-element_type=\"container\" data-e-type=\"container\">\n\t\t\t\t\t<div class=\"e-con-inner\">\n\t\t<div class=\"elementor-element elementor-element-61ca091 e-con-full e-flex e-con e-child\" data-id=\"61ca091\" data-element_type=\"container\" data-e-type=\"container\">\n\t\t\t\t<div class=\"elementor-element elementor-element-6c065d2 elementor-widget elementor-widget-heading\" data-id=\"6c065d2\" data-element_type=\"widget\" data-e-type=\"widget\" data-widget_type=\"heading.default\">\n\t\t\t\t\t<h2 class=\"elementor-heading-title elementor-size-default\">Mentions l\u00e9gales<\/h2>\t\t\t\t<\/div>\n\t\t\t\t<div class=\"elementor-element elementor-element-0ccacfe elementor-widget elementor-widget-text-editor\" data-id=\"0ccacfe\" data-element_type=\"widget\" data-e-type=\"widget\" data-widget_type=\"text-editor.default\">\n\t\t\t\t\t\t\t\t\t<h3 data-start=\"2935\" data-end=\"2954\">\u00c9diteur du site<\/h3><p data-start=\"2955\" data-end=\"3102\"><strong data-start=\"2955\" data-end=\"2981\">Heba Cuisine Libanaise<\/strong><br data-start=\"2981\" data-end=\"2984\" \/>Activit\u00e9 : cuisine libanaise \u2013 ateliers, traiteur, prestations sur mesure<br data-start=\"3057\" data-end=\"3060\" \/>Email : <strong data-start=\"3068\" data-end=\"3102\"><a class=\"decorated-link\" href=\"mailto:hebacuisinelibanaise@gmail.com\" rel=\"noopener\" data-start=\"3070\" data-end=\"3100\">hebacuisinelibanaise@gmail.com<\/a><\/strong><\/p><h3 data-start=\"3109\" data-end=\"3142\">Responsable de la publication<\/h3><p data-start=\"3143\" data-end=\"3165\">Heba Cuisine Libanaise<\/p><h3 data-start=\"3172\" data-end=\"3187\">H\u00e9bergement<\/h3><p data-start=\"3188\" data-end=\"3288\">Le site est h\u00e9berg\u00e9 par :<br data-start=\"3213\" data-end=\"3216\" \/><strong data-start=\"3216\" data-end=\"3223\">OVH<\/strong><br data-start=\"3223\" data-end=\"3226\" \/>2 rue Kellermann<br data-start=\"3242\" data-end=\"3245\" \/>59100 Roubaix \u2013 France<br data-start=\"3267\" data-end=\"3270\" \/>Site : <a class=\"decorated-link cursor-pointer\" target=\"_new\" rel=\"noopener\" data-start=\"3277\" data-end=\"3288\">www.ovh.com<\/a><\/p><h3 data-start=\"3295\" data-end=\"3323\">\u00a0<\/h3><h3 data-start=\"3295\" data-end=\"3323\">Propri\u00e9t\u00e9 intellectuelle<\/h3><p data-start=\"3324\" data-end=\"3557\">L\u2019ensemble du contenu pr\u00e9sent sur le site Heba Cuisine Libanaise (textes, images, logos, photographies) est prot\u00e9g\u00e9 par le droit d\u2019auteur.<br data-start=\"3462\" data-end=\"3465\" \/>Toute reproduction, repr\u00e9sentation ou utilisation sans autorisation pr\u00e9alable est interdite.<\/p><h3 data-start=\"3564\" data-end=\"3588\">\u00a0<\/h3><h3 data-start=\"3564\" data-end=\"3588\">Donn\u00e9es personnelles<\/h3><p data-start=\"3589\" data-end=\"3765\">Les informations personnelles \u00e9ventuellement collect\u00e9es sur le site sont trait\u00e9es conform\u00e9ment \u00e0 la <a href=\"https:\/\/hebacuisinelibanaise.fr\/index.php\/elementor-page-801\/\"><strong data-start=\"3689\" data-end=\"3721\">politique de confidentialit\u00e9<\/strong><\/a>, accessible depuis le pied de page du site.<\/p><h3 data-start=\"3772\" data-end=\"3790\">\u00a0<\/h3><h3 data-start=\"3772\" data-end=\"3790\">Responsabilit\u00e9<\/h3><p data-start=\"3791\" data-end=\"3956\">Heba Cuisine Libanaise s\u2019efforce de fournir des informations exactes et \u00e0 jour. Toutefois, elle ne saurait \u00eatre tenue responsable d\u2019\u00e9ventuelles erreurs ou omissions.<\/p>\t\t\t\t\t\t\t\t<\/div>\n\t\t\t\t<\/div>\n\t\t\t\t\t<\/div>\n\t\t\t\t<\/div>\n\t\t\t\t<\/div>\n\t\t","protected":false},"excerpt":{"rendered":"<p>Mentions l\u00e9gales \u00c9diteur du site Heba Cuisine LibanaiseActivit\u00e9 : cuisine libanaise \u2013 ateliers, traiteur, prestations sur mesureEmail : hebacuisinelibanaise@gmail.com Responsable [&hellip;]<\/p>\n","protected":false},"author":2,"featured_media":0,"parent":0,"menu_order":0,"comment_status":"closed","ping_status":"closed","template":"","meta":{"site-sidebar-layout":"no-sidebar","site-content-layout":"","ast-site-content-layout":"full-width-container","site-content-style":"default","site-sidebar-style":"default","ast-global-header-display":"","ast-banner-title-visibility":"","ast-main-header-display":"","ast-hfb-above-header-display":"","ast-hfb-below-header-display":"","ast-hfb-mobile-header-display":"","site-post-title":"disabled","ast-breadcrumbs-content":"","ast-featured-img":"disabled","footer-sml-layout":"","ast-disable-related-posts":"","theme-transparent-header-meta":"","adv-header-id-meta":"","stick-header-meta":"","header-above-stick-meta":"","header-main-stick-meta":"","header-below-stick-meta":"","astra-migrate-meta-layouts":"default","ast-page-background-enabled":"default","ast-page-background-meta":{"desktop":{"background-color":"var(--ast-global-color-5)","background-image":"","background-repeat":"repeat","background-position":"center center","background-size":"auto","background-attachment":"scroll","background-type":"","background-media":"","overlay-type":"","overlay-color":"","overlay-opacity":"","overlay-gradient":""},"tablet":{"background-color":"","background-image":"","background-repeat":"repeat","background-position":"center center","background-size":"auto","background-attachment":"scroll","background-type":"","background-media":"","overlay-type":"","overlay-color":"","overlay-opacity":"","overlay-gradient":""},"mobile":{"background-color":"","background-image":"","background-repeat":"repeat","background-position":"center center","background-size":"auto","background-attachment":"scroll","background-type":"","background-media":"","overlay-type":"","overlay-color":"","overlay-opacity":"","overlay-gradient":""}},"ast-content-background-meta":{"desktop":{"background-color":"var(--ast-global-color-4)","background-image":"","background-repeat":"repeat","background-position":"center center","background-size":"auto","background-attachment":"scroll","background-type":"","background-media":"","overlay-type":"","overlay-color":"","overlay-opacity":"","overlay-gradient":""},"tablet":{"background-color":"var(--ast-global-color-4)","background-image":"","background-repeat":"repeat","background-position":"center center","background-size":"auto","background-attachment":"scroll","background-type":"","background-media":"","overlay-type":"","overlay-color":"","overlay-opacity":"","overlay-gradient":""},"mobile":{"background-color":"var(--ast-global-color-4)","background-image":"","background-repeat":"repeat","background-position":"center center","background-size":"auto","background-attachment":"scroll","background-type":"","background-media":"","overlay-type":"","overlay-color":"","overlay-opacity":"","overlay-gradient":""}},"footnotes":""},"class_list":["post-809","page","type-page","status-publish","hentry"],"_links":{"self":[{"href":"https:\/\/hebacuisinelibanaise.fr\/index.php\/wp-json\/wp\/v2\/pages\/809","targetHints":{"allow":["GET"]}}],"collection":[{"href":"https:\/\/hebacuisinelibanaise.fr\/index.php\/wp-json\/wp\/v2\/pages"}],"about":[{"href":"https:\/\/hebacuisinelibanaise.fr\/index.php\/wp-json\/wp\/v2\/types\/page"}],"author":[{"embeddable":true,"href":"https:\/\/hebacuisinelibanaise.fr\/index.php\/wp-json\/wp\/v2\/users\/2"}],"replies":[{"embeddable":true,"href":"https:\/\/hebacuisinelibanaise.fr\/index.php\/wp-json\/wp\/v2\/comments?post=809"}],"version-history":[{"count":10,"href":"https:\/\/hebacuisinelibanaise.fr\/index.php\/wp-json\/wp\/v2\/pages\/809\/revisions"}],"predecessor-version":[{"id":826,"href":"https:\/\/hebacuisinelibanaise.fr\/index.php\/wp-json\/wp\/v2\/pages\/809\/revisions\/826"}],"wp:attachment":[{"href":"https:\/\/hebacuisinelibanaise.fr\/index.php\/wp-json\/wp\/v2\/media?parent=809"}],"curies":[{"name":"wp","href":"https:\/\/api.w.org\/{rel}","templated":true}]}}